{"id":3057,"date":"2026-03-04T12:49:20","date_gmt":"2026-03-04T11:49:20","guid":{"rendered":"https:\/\/www.ehrentag.de\/?post_type=termin&#038;p=3057"},"modified":"2026-03-16T10:42:48","modified_gmt":"2026-03-16T09:42:48","slug":"community-call-6","status":"publish","type":"termin","link":"https:\/\/www.ehrentag.de\/en\/termine\/community-call-6\/","title":{"rendered":"Community Call #6: Schutz &amp; Pr\u00e4vention von Engagierten"},"content":{"rendered":"\n<p>Bei unserem sechsten Community Call geht es um Schutz und Pr\u00e4vention von Engagierten: Entlang von 5 Grundrechten er\u00f6rtern wir, wie sich Ehrenamtliche bei Konflikten, \u00dcbergriffen oder Anfeindungen gut sch\u00fctzen k\u00f6nnen. Zudem zeigen wir euch, wie ihr eure Aktionen in den Engagement-Finder eintragt und unsere Designvorlagen f\u00fcr eure Werbung nutzen k\u00f6nnt. Wie immer ist auch Platz f\u00fcr eure Fragen und den Austausch untereinander!<\/p>\n\n\n\n<p>Hier anmelden: <a href=\"https:\/\/pretix.eu\/DSEE\/ETcommunitycall6\/\" target=\"_blank\" rel=\"noopener\">https:\/\/pretix.eu\/DSEE\/ETcommunitycall6\/<\/a><\/p>\n","protected":false},"excerpt":{"rendered":"<p>Bei unserem sechsten Community Call geht es um Schutz und Pr\u00e4vention von Engagierten: Entlang von 5 Grundrechten er\u00f6rtern wir, wie sich Ehrenamtliche bei Konflikten, \u00dcbergriffen oder Anfeindungen gut sch\u00fctzen k\u00f6nnen. Zudem zeigen wir euch, wie ihr eure Aktionen in den Engagement-Finder eintragt und unsere Designvorlagen f\u00fcr eure Werbung nutzen k\u00f6nnt. Wie immer ist auch Platz &hellip;<\/p>\n","protected":false},"template":"","kategorie":[24],"suchbegriff":[],"class_list":["post-3057","termin","type-termin","status-publish","hentry","kategorie-digital"],"acf":[],"_links":{"self":[{"href":"https:\/\/www.ehrentag.de\/en\/wp-json\/wp\/v2\/termin\/3057","targetHints":{"allow":["GET"]}}],"collection":[{"href":"https:\/\/www.ehrentag.de\/en\/wp-json\/wp\/v2\/termin"}],"about":[{"href":"https:\/\/www.ehrentag.de\/en\/wp-json\/wp\/v2\/types\/termin"}],"version-history":[{"count":4,"href":"https:\/\/www.ehrentag.de\/en\/wp-json\/wp\/v2\/termin\/3057\/revisions"}],"predecessor-version":[{"id":3112,"href":"https:\/\/www.ehrentag.de\/en\/wp-json\/wp\/v2\/termin\/3057\/revisions\/3112"}],"wp:attachment":[{"href":"https:\/\/www.ehrentag.de\/en\/wp-json\/wp\/v2\/media?parent=3057"}],"wp:term":[{"taxonomy":"kategorie","embeddable":true,"href":"https:\/\/www.ehrentag.de\/en\/wp-json\/wp\/v2\/kategorie?post=3057"},{"taxonomy":"suchbegriff","embeddable":true,"href":"https:\/\/www.ehrentag.de\/en\/wp-json\/wp\/v2\/suchbegriff?post=3057"}],"curies":[{"name":"wp","href":"https:\/\/api.w.org\/{rel}","templated":true}]}}

Community Call #6: Schutz &amp; Prävention von Engagierten

<p>Bei unserem sechsten Community Call geht es um Schutz und Prävention von Engagierten: Entlang von 5 Grundrechten erörtern wir, wie sich Ehrenamtliche bei Konflikten, Übergriffen oder Anfeindungen gut schützen können. Zudem zeigen wir euch, wie ihr eure Aktionen in den Engagement-Finder eintragt und unsere Designvorlagen für eure Werbung nutzen könnt. Wie immer ist auch Platz für eure Fragen und den Austausch untereinander!</p>



<p>Hier anmelden: <a href="https://pretix.eu/DSEE/ETcommunitycall6/" target="_blank" rel="noopener">https://pretix.eu/DSEE/ETcommunitycall6/</a></p>

<p>Bei unserem sechsten Community Call geht es um Schutz und Prävention von Engagierten: Entlang von 5 Grundrechten erörtern wir, wie sich Ehrenamtliche bei Konflikten, Übergriffen oder Anfeindungen gut schützen können. Zudem zeigen wir euch, wie ihr eure Aktionen in den Engagement-Finder eintragt und unsere Designvorlagen für eure Werbung nutzen könnt. Wie immer ist auch Platz &hellip;</p>
