{"id":3126,"date":"2026-03-24T10:23:34","date_gmt":"2026-03-24T09:23:34","guid":{"rendered":"https:\/\/www.ehrentag.de\/?post_type=termin&#038;p=3126"},"modified":"2026-03-24T10:23:37","modified_gmt":"2026-03-24T09:23:37","slug":"community-call-7-kommunikation-und-sichtbarkeit-fuer-eure-mitmach-aktion","status":"publish","type":"termin","link":"https:\/\/www.ehrentag.de\/en\/termine\/community-call-7-kommunikation-und-sichtbarkeit-fuer-eure-mitmach-aktion\/","title":{"rendered":"Community Call #7: Kommunikation und Sichtbarkeit f\u00fcr eure Mitmach-Aktion"},"content":{"rendered":"\n<p>Bei unserem siebenten Community Call geht es um Kommunikation zum Ehrentag: Wir zeigen euch, wie ihr f\u00fcr gute Sichtbarkeit f\u00fcr eure Aktion sorgen k\u00f6nnt und geben einen Einblick in unsere deutschlandweite Ehrentags-Kampagne. Wie immer ist auch Platz f\u00fcr eure Fragen und den Austausch untereinander!<\/p>\n\n\n\n<p>Hier anmelden: <a href=\"https:\/\/pretix.eu\/DSEE\/ETcommunitycall7\/\" target=\"_blank\" rel=\"noopener\">https:\/\/pretix.eu\/DSEE\/ETcommunitycall7\/<\/a><\/p>\n\n\n\n<p><\/p>\n","protected":false},"excerpt":{"rendered":"<p>Bei unserem siebenten Community Call geht es um Kommunikation zum Ehrentag: Wir zeigen euch, wie ihr f\u00fcr gute Sichtbarkeit f\u00fcr eure Aktion sorgen k\u00f6nnt und geben einen Einblick in unsere deutschlandweite Ehrentags-Kampagne. Wie immer ist auch Platz f\u00fcr eure Fragen und den Austausch untereinander! Hier anmelden: https:\/\/pretix.eu\/DSEE\/ETcommunitycall7\/<\/p>\n","protected":false},"template":"","kategorie":[11],"suchbegriff":[],"class_list":["post-3126","termin","type-termin","status-publish","hentry","kategorie-virtuell-zoom"],"acf":[],"_links":{"self":[{"href":"https:\/\/www.ehrentag.de\/en\/wp-json\/wp\/v2\/termin\/3126","targetHints":{"allow":["GET"]}}],"collection":[{"href":"https:\/\/www.ehrentag.de\/en\/wp-json\/wp\/v2\/termin"}],"about":[{"href":"https:\/\/www.ehrentag.de\/en\/wp-json\/wp\/v2\/types\/termin"}],"version-history":[{"count":1,"href":"https:\/\/www.ehrentag.de\/en\/wp-json\/wp\/v2\/termin\/3126\/revisions"}],"predecessor-version":[{"id":3127,"href":"https:\/\/www.ehrentag.de\/en\/wp-json\/wp\/v2\/termin\/3126\/revisions\/3127"}],"wp:attachment":[{"href":"https:\/\/www.ehrentag.de\/en\/wp-json\/wp\/v2\/media?parent=3126"}],"wp:term":[{"taxonomy":"kategorie","embeddable":true,"href":"https:\/\/www.ehrentag.de\/en\/wp-json\/wp\/v2\/kategorie?post=3126"},{"taxonomy":"suchbegriff","embeddable":true,"href":"https:\/\/www.ehrentag.de\/en\/wp-json\/wp\/v2\/suchbegriff?post=3126"}],"curies":[{"name":"wp","href":"https:\/\/api.w.org\/{rel}","templated":true}]}}

Community Call #7: Kommunikation und Sichtbarkeit für eure Mitmach-Aktion

<p>Bei unserem siebenten Community Call geht es um Kommunikation zum Ehrentag: Wir zeigen euch, wie ihr für gute Sichtbarkeit für eure Aktion sorgen könnt und geben einen Einblick in unsere deutschlandweite Ehrentags-Kampagne. Wie immer ist auch Platz für eure Fragen und den Austausch untereinander!</p>



<p>Hier anmelden: <a href="https://pretix.eu/DSEE/ETcommunitycall7/" target="_blank" rel="noopener">https://pretix.eu/DSEE/ETcommunitycall7/</a></p>



<p></p>

<p>Bei unserem siebenten Community Call geht es um Kommunikation zum Ehrentag: Wir zeigen euch, wie ihr für gute Sichtbarkeit für eure Aktion sorgen könnt und geben einen Einblick in unsere deutschlandweite Ehrentags-Kampagne. Wie immer ist auch Platz für eure Fragen und den Austausch untereinander! Hier anmelden: https://pretix.eu/DSEE/ETcommunitycall7/</p>
